-- http://www.phpmyadmin.net
--
-- Servidor: localhost
-- Tiempo de generación: 18-07-2012 a las 16:07:30
-- Versión del servidor: 5.0.95
-- Versión de PHP: 5.2.6




--
-- Base de datos: `anestesi_agenda`
--

-- --------------------------------------------------------

--
-- Estructura de tabla para la tabla `anestesiologo`
--

CREATE TABLE IF NOT EXISTS `anestesiologo` (
  `id_anestesiologo` int(10) unsigned NOT NULL auto_increment,
  `anestesiologo_nombre` varchar(45) NOT NULL,
  `anestesiologo_materno` varchar(45) NOT NULL,
  `anestesiologo_paterno` varchar(45) default NULL,
  `anestesiologo_status` char(1) NOT NULL default 'A',
  `anestesiologo_programable` int(1) unsigned NOT NULL default '0',
  `anestesiologo_consultorio` varchar(45) NOT NULL,
  `anestesiologo_celular` varchar(45) NOT NULL,
  `anestesiologo_email` varchar(45) NOT NULL,
  PRIMARY KEY  (`id_anestesiologo`)
) ENGINE=InnoDB  DEFAULT CHARSET=latin1 AUTO_INCREMENT=40 ;

--
-- Volcado de datos para la tabla `anestesiologo`
--

INSERT INTO `anestesiologo` (`id_anestesiologo`, `anestesiologo_nombre`, `anestesiologo_materno`, `anestesiologo_paterno`, `anestesiologo_status`, `anestesiologo_programable`, `anestesiologo_consultorio`, `anestesiologo_celular`, `anestesiologo_email`) VALUES
(1, 'Erika', '', 'Reyes', 'A', 1, '', '', ''),
(2, 'Rafael', '', 'Lopez', 'A', 1, '', '', ''),
(3, '', '', '', 'A', 0, '', '', ''),
(4, 'Edith', '', 'Plata', 'A', 0, '', '', ''),
(28, 'prueba', '', 'prueba', 'A', 0, '', '', ''),
(29, 'Nombre', '', 'Apellido', 'A', 0, '', '', ''),
(30, 'Nombre', '', 'Apellido', 'A', 0, '', '', ''),
(31, 'Nombre', '', 'Apellido', 'A', 0, '', '', ''),
(32, 'Nombre', '', 'Apellido', 'A', 0, '', '', ''),
(33, 'Nombre', '', 'Apellido', 'A', 0, '', '', ''),
(34, 'Nombre', '', 'Apellido', 'A', 0, '', '', ''),
(35, 'anestesiologo', 'a', 'programado', 'A', 0, 'c', 'cee', ''),
(36, 'movil', 'mater', 'movil', 'A', 0, 'consul', 'cel', 'email'),
(37, 'Erika', '', 'Reyes', 'A', 0, '', '', ''),
(38, 'Agregue desde', '', 'Iphone', 'A', 0, '', '', ''),
(39, 'Erika', '', 'Tere', 'A', 0, '', '', '');

-- --------------------------------------------------------

--
-- Estructura de tabla para la tabla `aseguradora`
--

CREATE TABLE IF NOT EXISTS `aseguradora` (
  `id_aseguradora` int(11) NOT NULL auto_increment,
  `aseguradora_nombre` varchar(90) NOT NULL,
  `aseguradora_status` char(1) default 'A',
  PRIMARY KEY  (`id_aseguradora`)
) ENGINE=InnoDB DEFAULT CHARSET=latin1 AUTO_INCREMENT=1 ;

-- --------------------------------------------------------

--
-- Estructura de tabla para la tabla `cheque`
--

CREATE TABLE IF NOT EXISTS `cheque` (
  `id_cheque` int(11) NOT NULL,
  `cheque_cobrador` varchar(145) NOT NULL,
  `cheque_numero` varchar(45) default NULL,
  PRIMARY KEY  (`id_cheque`)
) ENGINE=InnoDB DEFAULT CHARSET=latin1;

-- --------------------------------------------------------

--
-- Estructura de tabla para la tabla `cirujano`
--

CREATE TABLE IF NOT EXISTS `cirujano` (
  `id_cirujano` int(10) unsigned NOT NULL auto_increment,
  `cirujano_nombre` varchar(45) NOT NULL,
  `cirujano_paterno` varchar(45) NOT NULL,
  `cirujano_materno` varchar(45) default NULL,
  `cirujano_status` char(1) NOT NULL default 'A',
  `cirujano_consultorio` varchar(45) NOT NULL,
  `cirujano_celular` varchar(45) NOT NULL,
  `cirujano_email` varchar(45) NOT NULL,
  PRIMARY KEY  (`id_cirujano`)
) ENGINE=InnoDB  DEFAULT CHARSET=latin1 AUTO_INCREMENT=17 ;

--
-- Volcado de datos para la tabla `cirujano`
--

INSERT INTO `cirujano` (`id_cirujano`, `cirujano_nombre`, `cirujano_paterno`, `cirujano_materno`, `cirujano_status`, `cirujano_consultorio`, `cirujano_celular`, `cirujano_email`) VALUES
(1, 'Juan Manuel', 'Paulin', NULL, 'A', '', '', ''),
(2, 'Salomon', 'Fermon', NULL, 'A', '', '', ''),
(3, 'Rene', 'Davila', NULL, 'A', '', '', ''),
(4, 'Diana', 'Alvarez', NULL, 'A', '', '', ''),
(5, 'Enrique', 'Ariza', NULL, 'A', '', '', ''),
(6, 'Miguel', 'Huerta', NULL, 'A', '', '', ''),
(7, 'Rafael', 'Bueno', NULL, 'A', '', '', ''),
(8, 'Sergio', 'Litwak', NULL, 'A', '', '', ''),
(9, 'Cesar', 'Gomez', 'Peralta', 'A', '', '', ''),
(10, '', '', '', 'A', '', '', ''),
(11, 'Humberto', 'Matiz', NULL, 'A', '', '', ''),
(12, 'Enrique', 'Valencia', NULL, 'A', '', '', ''),
(13, '', '', '', 'A', '', '', ''),
(14, '', '', '', 'A', '', '', ''),
(15, 'prueba2', 'prueba2', 'prueba2', '', 'pRUEBA2', 'PR2EBA2', 'PRUEBA2'),
(16, 'p21', 'p21', 'p1', '', 'p11', 'p1', 'p1');

-- --------------------------------------------------------

--
-- Estructura de tabla para la tabla `cirujia`
--

CREATE TABLE IF NOT EXISTS `cirujia` (
  `id_cirujia` int(10) unsigned NOT NULL auto_increment,
  `cirujia_fecha` date NOT NULL,
  `cirujia_hora` time NOT NULL,
  `cirujia_duracion` int(11) default NULL,
  `cirujia_anestesia` varchar(25) default NULL,
  `cirujia_status` char(1) NOT NULL default 'A',
  `cirujano_id_cirujano` int(10) unsigned NOT NULL default '0',
  `hospital_id_hospital` int(10) unsigned NOT NULL default '0',
  `pago_id_pago` int(10) unsigned NOT NULL default '0',
  `recibo_id_recibo` int(11) NOT NULL default '0',
  `anestesiologo_id_anestesiologo` int(11) unsigned NOT NULL default '0',
  `procedimiento_id_procedimiento` int(11) unsigned NOT NULL,
  `paciente_nombre` varchar(100) NOT NULL,
  `anestesiologo_anestesiologo_caso` int(11) unsigned NOT NULL default '0',
  `paciente_telefono` varchar(45) NOT NULL,
  `paciente_edad` varchar(3) NOT NULL,
  PRIMARY KEY  (`id_cirujia`,`cirujano_id_cirujano`,`hospital_id_hospital`,`pago_id_pago`,`recibo_id_recibo`,`anestesiologo_id_anestesiologo`,`procedimiento_id_procedimiento`,`anestesiologo_anestesiologo_caso`),
  UNIQUE KEY `Index_8` (`id_cirujia`),
  KEY `fk_cirujia_cirujano1` (`cirujano_id_cirujano`),
  KEY `fk_cirujia_hospital1` (`hospital_id_hospital`),
  KEY `fk_cirujia_pago1` (`pago_id_pago`),
  KEY `fk_cirujia_recibo1` (`recibo_id_recibo`),
  KEY `fk_cirujia_anestesiologo` (`anestesiologo_id_anestesiologo`),
  KEY `fk_cirujia_procedimiento` (`procedimiento_id_procedimiento`),
  KEY `FK_cirujia_anestesiologo_caso` (`anestesiologo_anestesiologo_caso`)
) ENGINE=InnoDB  DEFAULT CHARSET=latin1 AUTO_INCREMENT=29 ;

--
-- Volcado de datos para la tabla `cirujia`
--

INSERT INTO `cirujia` (`id_cirujia`, `cirujia_fecha`, `cirujia_hora`, `cirujia_duracion`, `cirujia_anestesia`, `cirujia_status`, `cirujano_id_cirujano`, `hospital_id_hospital`, `pago_id_pago`, `recibo_id_recibo`, `anestesiologo_id_anestesiologo`, `procedimiento_id_procedimiento`, `paciente_nombre`, `anestesiologo_anestesiologo_caso`, `paciente_telefono`, `paciente_edad`) VALUES
(1, '2012-05-30', '01:30:00', 1, 'Anestesia General', '', 14, 6, 44, 44, 1, 19, 'pendi es prueba desde imac', 4, '55235170', ''),
(2, '2012-05-30', '20:00:00', 1, 'Sedacion', 'A', 13, 4, 45, 45, 1, 19, 'pend', 4, '55234155', ''),
(3, '2012-05-30', '09:15:00', 4, 'Sedacion', 'A', 1, 5, 46, 46, 1, 18, 'pend', 4, '66666666', ''),
(4, '2012-05-30', '23:00:00', 1, '- Tipo de Anestesia -', 'A', 13, 4, 47, 47, 1, 20, 'Hola es prueba', 28, '55235170', ''),
(5, '2012-05-31', '03:00:00', 1, 'Anestesia General', '', 13, 3, 48, 48, 1, 18, 'paciente', 36, '435634', ''),
(6, '2012-06-04', '08:00:00', 1, '- Tipo de Anestesia -', 'A', 1, 1, 49, 49, 1, 13, 'Alberto arroyo pichardo 79a', 37, '53433167', ''),
(7, '2012-06-07', '08:00:00', 1, '- Tipo de Anestesia -', 'A', 1, 1, 50, 50, 1, 13, 'Pend por confirmar', 37, 'Pend Por confirmar', ''),
(8, '2012-06-03', '01:00:00', 1, '- Tipo de Anestesia -', 'A', 13, 4, 51, 51, 1, 24, 'Snopy Lulis ', 3, '55555555', ''),
(9, '2012-06-06', '01:00:00', 1, '- Tipo de Anestesia -', '', 13, 4, 52, 52, 1, 20, 'Pend', 35, '55555555', ''),
(10, '2012-06-08', '03:00:00', 1, '- Tipo de Anestesia -', 'A', 13, 4, 54, 54, 1, 19, 'Pend', 38, '55555555', ''),
(11, '2012-06-18', '00:00:00', 1, '- Tipo de Anestesia -', 'A', 1, 1, 56, 56, 1, 14, 'Pend', 37, '55555555', ''),
(12, '2012-06-20', '08:00:00', 1, '- Tipo de Anestesia -', '', 1, 1, 57, 57, 1, 14, 'Pend', 37, '555555', ''),
(13, '2012-06-11', '01:00:00', 1, '- Tipo de Anestesia -', 'A', 13, 4, 58, 58, 1, 19, 'Pend prueba 23.32hrs domingo', 38, '55555555', ''),
(14, '2012-06-01', '00:00:00', 1, 'Sedacion', 'A', 13, 3, 59, 59, 1, 18, 'prueba', 35, 'prueba', ''),
(15, '2012-06-07', '04:00:00', 1, 'Sedacion', 'A', 4, 4, 60, 60, 1, 18, 'prueba', 4, 'prueba', ''),
(16, '2012-06-07', '04:00:00', 1, 'Sedacion', '', 4, 4, 61, 61, 1, 18, 'prueba', 4, 'prueba', ''),
(17, '2012-06-07', '04:00:00', 1, 'Sedacion', '', 4, 4, 62, 62, 1, 18, 'prueba', 4, 'prueba', ''),
(18, '2012-06-07', '04:00:00', 1, 'Sedacion', '', 4, 4, 63, 63, 1, 18, 'prueba', 4, 'prueba', ''),
(19, '2012-06-01', '00:00:00', 1, 'Anestesia General', '', 1, 4, 64, 64, 1, 18, 'prueba', 34, 'prueab', ''),
(20, '2012-06-01', '00:00:00', 1, 'Anestesia General', '', 1, 4, 65, 65, 1, 18, 'prueba', 34, 'prueab', ''),
(21, '2012-06-12', '01:00:00', 1, '- Tipo de Anestesia -', 'A', 13, 4, 69, 69, 1, 19, 'Pend', 38, 'Pend', ''),
(22, '2012-06-13', '01:00:00', 1, '- Tipo de Anestesia -', 'A', 13, 4, 70, 70, 1, 19, 'Pena', 38, 'Pend', ''),
(23, '2012-06-15', '05:00:00', 1, 'Anestesia General', 'A', 13, 4, 72, 72, 1, 20, 'prueba', 38, '1234568', '10'),
(24, '2012-06-20', '14:00:00', 2, '- Tipo de Anestesia -', 'A', 1, 1, 73, 73, 1, 29, 'Casto Moreno ', 37, '4777242420', '85'),
(25, '2012-06-21', '07:00:00', 1, '- Tipo de Anestesia -', 'A', 3, 1, 74, 74, 1, 29, 'Pend', 39, 'Pend', 'Pen'),
(26, '2012-06-20', '07:00:00', 1, '- Tipo de Anestesia -', 'A', 1, 1, 75, 75, 1, 29, 'Pend', 39, 'Pend', 'Pen'),
(27, '2012-07-03', '08:00:00', 1, '- Tipo de Anestesia -', 'A', 6, 1, 76, 76, 1, 17, 'Álvaro Pérez ', 39, '', '85'),
(28, '2012-07-13', '02:00:00', 1, 'Sedacion', 'A', 9, 4, 77, 77, 1, 19, 'opopo', 38, '55555555', '67');

-- --------------------------------------------------------

--
-- Estructura de tabla para la tabla `comentario`
--

CREATE TABLE IF NOT EXISTS `comentario` (
  `id_comentario` int(10) unsigned NOT NULL auto_increment,
  `comentario_remitente_id_anestesiologo` int(11) unsigned NOT NULL,
  `comentario_fecha` date NOT NULL,
  `comentario_asunto` varchar(45) NOT NULL,
  `comentario_texto` varchar(512) NOT NULL,
  PRIMARY KEY  (`id_comentario`,`comentario_remitente_id_anestesiologo`),
  KEY `fk_comentario_id_anestesiologo` (`comentario_remitente_id_anestesiologo`)
) ENGINE=InnoDB  DEFAULT CHARSET=latin1 AUTO_INCREMENT=3 ;

--
-- Volcado de datos para la tabla `comentario`
--

INSERT INTO `comentario` (`id_comentario`, `comentario_remitente_id_anestesiologo`, `comentario_fecha`, `comentario_asunto`, `comentario_texto`) VALUES
(1, 1, '2012-06-01', 'Prueba desde iPhone ', 'Hola esto lo escribo en el iPhone 00.41 1 junio'),
(2, 1, '2012-07-12', 'prueba desde imac', 'imac hola prueba 11,32am del jueves');

-- --------------------------------------------------------

--
-- Estructura de tabla para la tabla `detalle_pago`
--

CREATE TABLE IF NOT EXISTS `detalle_pago` (
  `id_detalle_pago` int(11) NOT NULL,
  `detalle_pago_fecha` date NOT NULL,
  `detalle_pago_status` char(1) default 'A',
  PRIMARY KEY  (`id_detalle_pago`)
) ENGINE=InnoDB DEFAULT CHARSET=latin1;

-- --------------------------------------------------------

--
-- Estructura de tabla para la tabla `efectivo`
--

CREATE TABLE IF NOT EXISTS `efectivo` (
  `id_efectivo` int(11) NOT NULL,
  `efectivo_cobrador` varchar(145) NOT NULL,
  `efectivo_lugar_deposito` varchar(145) NOT NULL,
  `efectivo_fecha` date NOT NULL,
  `efectivo_status` char(1) default 'A',
  PRIMARY KEY  (`id_efectivo`)
) ENGINE=InnoDB DEFAULT CHARSET=latin1;

-- --------------------------------------------------------

--
-- Estructura de tabla para la tabla `evento`
--

CREATE TABLE IF NOT EXISTS `evento` (
  `id_evento` int(10) unsigned NOT NULL auto_increment,
  `evento_titulo` varchar(100) NOT NULL,
  `evento_fecha_inicio` datetime NOT NULL,
  `evento_fecha_termino` datetime NOT NULL,
  `evento_detalles` varchar(200) NOT NULL,
  `evento_status` char(1) NOT NULL default 'A',
  `cirujia_id_cirujia` int(10) unsigned NOT NULL,
  PRIMARY KEY  (`id_evento`),
  KEY `FK_id_cirujia` (`cirujia_id_cirujia`)
) ENGINE=InnoDB  DEFAULT CHARSET=latin1 AUTO_INCREMENT=29 ;

--
-- Volcado de datos para la tabla `evento`
--

INSERT INTO `evento` (`id_evento`, `evento_titulo`, `evento_fecha_inicio`, `evento_fecha_termino`, `evento_detalles`, `evento_status`, `cirujia_id_cirujia`) VALUES
(1, 'Jesus Cruz ', '2012-05-30 01:30:00', '2012-05-30 02:30:00', 'Paciente: pendi es prueba desde imac<br />Cirujano: Jesus Cruz <br />Anestesiologo: Erika Reyes <br />Procedimiento: Biopsia', '', 1),
(2, 'Arturo Castellanos ', '2012-05-30 20:00:00', '2012-05-30 21:00:00', 'Paciente: pend<br />Cirujano: Arturo Castellanos <br />Anestesiologo: Erika Reyes <br />Procedimiento: Biopsia', 'A', 2),
(3, 'Juan Manuel Paulin ', '2012-05-30 09:15:00', '2012-05-30 13:15:00', 'Paciente: pend<br />Cirujano: Juan Manuel Paulin <br />Anestesiologo: Erika Reyes <br />Procedimiento: Blefaro', 'A', 3),
(4, 'Arturo Castellanos ', '2012-05-30 23:00:00', '2012-05-30 00:00:00', 'Paciente: Hola es prueba<br />Cirujano: Arturo Castellanos <br />Anestesiologo: Erika Reyes <br />Procedimiento: Co2', 'A', 4),
(5, 'Arturo Castellanos ', '2012-05-31 03:00:00', '2012-05-31 04:00:00', 'Paciente: paciente<br />Cirujano: Arturo Castellanos <br />Anestesiologo: Erika Reyes <br />Procedimiento: Blefaro', '', 5),
(6, 'Juan Manuel Paulin ', '2012-06-04 08:00:00', '2012-06-04 09:00:00', 'Paciente: Alberto arroyo pichardo 79a<br />Cirujano: Juan Manuel Paulin <br />Anestesiologo: Erika Reyes <br />Procedimiento: Faco OD', 'A', 6),
(7, 'Juan Manuel Paulin ', '2012-06-07 08:00:00', '2012-06-07 09:00:00', 'Paciente: Pend por confirmar<br />Cirujano: Juan Manuel Paulin <br />Anestesiologo: Erika Reyes <br />Procedimiento: Faco OD', 'A', 7),
(8, 'Arturo Castellanos ', '2012-06-03 01:00:00', '2012-06-03 02:00:00', 'Paciente: Snopy Lulis <br />Cirujano: Arturo Castellanos <br />Anestesiologo: Erika Reyes <br />Procedimiento: Correcion Cicatriz', 'A', 8),
(9, 'Arturo Castellanos ', '2012-06-06 01:00:00', '2012-06-06 02:00:00', 'Paciente: Pend<br />Cirujano: Arturo Castellanos <br />Anestesiologo: Erika Reyes <br />Procedimiento: Co2', '', 9),
(10, 'Arturo Castellanos ', '2012-06-08 03:00:00', '2012-06-08 04:00:00', 'Paciente: Pend<br />Cirujano: Arturo Castellanos <br />Anestesiologo: Erika Reyes <br />Procedimiento: Biopsia', 'A', 10),
(11, 'Juan Manuel Paulin ', '2012-06-18 00:00:00', '2012-06-18 01:00:00', 'Paciente: Pend<br />Cirujano: Juan Manuel Paulin <br />Anestesiologo: Erika Reyes <br />Procedimiento: Faco OI', 'A', 11),
(12, 'Juan Manuel Paulin ', '2012-06-20 08:00:00', '2012-06-20 09:00:00', 'Paciente: Pend<br />Cirujano: Juan Manuel Paulin <br />Anestesiologo: Erika Reyes <br />Procedimiento: Faco OI', '', 12),
(13, 'Arturo Castellanos ', '2012-06-11 01:00:00', '2012-06-11 02:00:00', 'Paciente: Pend prueba 23.32hrs domingo<br />Cirujano: Arturo Castellanos <br />Anestesiologo: Erika Reyes <br />Procedimiento: Biopsia', 'A', 13),
(14, 'Arturo Castellanos ', '2012-06-01 00:00:00', '2012-06-01 01:00:00', 'Paciente: prueba<br />Cirujano: Arturo Castellanos <br />Anestesiologo: Erika Reyes <br />Procedimiento: Blefaro', 'A', 14),
(15, 'Diana Alvarez ', '2012-06-07 04:00:00', '2012-06-07 05:00:00', 'Paciente: prueba<br />Cirujano: Diana Alvarez <br />Anestesiologo: Erika Reyes <br />Procedimiento: Blefaro', 'A', 15),
(16, 'Diana Alvarez ', '2012-06-07 04:00:00', '2012-06-07 05:00:00', 'Paciente: prueba<br />Cirujano: Diana Alvarez <br />Anestesiologo: Erika Reyes <br />Procedimiento: Blefaro', '', 16),
(17, 'Diana Alvarez ', '2012-06-07 04:00:00', '2012-06-07 05:00:00', 'Paciente: prueba<br />Cirujano: Diana Alvarez <br />Anestesiologo: Erika Reyes <br />Procedimiento: Blefaro', '', 17),
(18, 'Diana Alvarez ', '2012-06-07 04:00:00', '2012-06-07 05:00:00', 'Paciente: prueba<br />Cirujano: Diana Alvarez <br />Anestesiologo: Erika Reyes <br />Procedimiento: Blefaro', '', 18),
(19, 'Juan Manuel Paulin ', '2012-06-01 00:00:00', '2012-06-01 01:00:00', 'Paciente: prueba<br />Cirujano: Juan Manuel Paulin <br />Anestesiologo: Erika Reyes <br />Procedimiento: Blefaro', '', 19),
(20, 'Juan Manuel Paulin ', '2012-06-01 00:00:00', '2012-06-01 01:00:00', 'Paciente: prueba<br />Cirujano: Juan Manuel Paulin <br />Anestesiologo: Erika Reyes <br />Procedimiento: Blefaro', '', 20),
(21, 'Arturo Castellanos ', '2012-06-12 01:00:00', '2012-06-12 02:00:00', 'Paciente: Pend<br />Cirujano: Arturo Castellanos <br />Anestesiologo: Erika Reyes <br />Procedimiento: Biopsia', 'A', 21),
(22, 'Arturo Castellanos ', '2012-06-13 01:00:00', '2012-06-13 02:00:00', 'Paciente: Pena<br />Cirujano: Arturo Castellanos <br />Anestesiologo: Erika Reyes <br />Procedimiento: Biopsia', 'A', 22),
(23, 'Arturo Castellanos ', '2012-06-15 05:00:00', '2012-06-15 06:00:00', 'Paciente: prueba<br />\n									Edad: 10<br />\n									Telefono: 1234568<br />\n									Cirujano: Arturo Castellanos <br />\n									Anestesiologo: Erika Reyes <br />\n									Procedimiento: Co2', 'A', 23),
(24, 'Juan Manuel Paulin ', '2012-06-20 14:00:00', '2012-06-20 16:00:00', 'Paciente: Casto Moreno <br />\n									Edad: 85<br />\n									Telefono: 4777242420<br />\n									Cirujano: Juan Manuel Paulin <br />\n									Anestesiologo: Erika Reyes <br />\n									Procedimiento', 'A', 24),
(25, 'Rene Davila ', '2012-06-21 07:00:00', '2012-06-21 08:00:00', 'Paciente: Pend<br />\n									Edad: Pen<br />\n									Telefono: Pend<br />\n									Cirujano: Rene Davila <br />\n									Anestesiologo: Erika Reyes <br />\n									Procedimiento: Faco', 'A', 25),
(26, 'Juan Manuel Paulin ', '2012-06-20 07:00:00', '2012-06-20 08:00:00', 'Paciente: Pend<br />\n									Edad: Pen<br />\n									Telefono: Pend<br />\n									Cirujano: Juan Manuel Paulin <br />\n									Anestesiologo: Erika Reyes <br />\n									Procedimiento: Faco', 'A', 26),
(27, 'Miguel Huerta ', '2012-07-03 08:00:00', '2012-07-03 09:00:00', 'Paciente: Álvaro Pérez <br />\n									Edad: 85<br />\n									Telefono: <br />\n									Cirujano: Miguel Huerta <br />\n									Anestesiologo: Erika Reyes <br />\n									Procedimiento: Ectropion', 'A', 27),
(28, 'Cesar Gomez Peralta', '2012-07-13 02:00:00', '2012-07-13 03:00:00', 'Paciente: opopo<br />\n									Edad: 67<br />\n									Telefono: 55555555<br />\n									Cirujano: Cesar Gomez Peralta<br />\n									Anestesiologo: Erika Reyes <br />\n									Procedimiento: Biopsia', 'A', 28);

-- --------------------------------------------------------

--
-- Estructura de tabla para la tabla `hospital`
--

CREATE TABLE IF NOT EXISTS `hospital` (
  `id_hospital` int(10) unsigned NOT NULL auto_increment,
  `hospital_nombre` varchar(45) NOT NULL,
  `hospital_direccion` varchar(512) NOT NULL,
  `hospital_telefonos` varchar(125) NOT NULL,
  `hospital_email` varchar(45) NOT NULL,
  `hospital_website` varchar(45) NOT NULL,
  `hospital_status` char(1) NOT NULL default 'A',
  PRIMARY KEY  (`id_hospital`)
) ENGINE=InnoDB  DEFAULT CHARSET=latin1 AUTO_INCREMENT=7 ;

--
-- Volcado de datos para la tabla `hospital`
--

INSERT INTO `hospital` (`id_hospital`, `hospital_nombre`, `hospital_direccion`, `hospital_telefonos`, `hospital_email`, `hospital_website`, `hospital_status`) VALUES
(1, 'Laser Ocular Lomas', 'direccion', '8888aa', 'asdf', 'jkhkj', 'A'),
(3, '', '', '', '', '', 'A'),
(4, 'Angeles Lomas', '', '', '', '', 'A'),
(5, 'FacoLaser', '', '', '', '', 'A'),
(6, '', '', '', '', '', 'A');

-- --------------------------------------------------------

--
-- Estructura de tabla para la tabla `pago`
--

CREATE TABLE IF NOT EXISTS `pago` (
  `id_pago` int(10) unsigned NOT NULL auto_increment,
  `pago_fecha` date NOT NULL,
  `pago_cantidad` double NOT NULL,
  `pago_tipo` varchar(64) NOT NULL,
  `pago_deuda_muerta` double default NULL,
  `pago_cantidad_sociedad` double default NULL,
  `pago_porcentaje_reyes` double default NULL,
  `pago_porcentaje_lopez` double default NULL,
  `pago_porcentaje_otro_anestesiologo` double default NULL,
  `pago_detalle` varchar(512) NOT NULL,
  `pago_pagado` tinyint(1) unsigned NOT NULL default '0',
  `pago_pagado_participacion_otro` tinyint(1) unsigned NOT NULL,
  `pago_detalle_otro` varchar(512) NOT NULL,
  PRIMARY KEY  (`id_pago`),
  KEY `FK_pago_2` USING BTREE (`pago_tipo`),
  KEY `fk_pago_detalle_pago1` USING BTREE (`pago_detalle`)
) ENGINE=InnoDB  DEFAULT CHARSET=latin1 AUTO_INCREMENT=78 ;

--
-- Volcado de datos para la tabla `pago`
--

INSERT INTO `pago` (`id_pago`, `pago_fecha`, `pago_cantidad`, `pago_tipo`, `pago_deuda_muerta`, `pago_cantidad_sociedad`, `pago_porcentaje_reyes`, `pago_porcentaje_lopez`, `pago_porcentaje_otro_anestesiologo`, `pago_detalle`, `pago_pagado`, `pago_pagado_participacion_otro`, `pago_detalle_otro`) VALUES
(44, '0000-00-00', 0, '- Forma de pago -', 0, 0, 0, 0, 0, '', 0, 0, ''),
(45, '0000-00-00', 0, '- Forma de pago -', 0, 0, 0, 0, 0, '', 0, 0, ''),
(46, '0000-00-00', 0, '- Forma de pago -', 0, 0, 0, 0, 0, '', 0, 0, ''),
(47, '0000-00-00', 0, '- Forma de pago -', 0, 0, 0, 0, 0, '', 0, 0, ''),
(48, '0000-00-00', 0, '- Forma de pago -', 0, 0, 0, 0, 0, '', 0, 0, ''),
(49, '0000-00-00', 0, '- Forma de pago -', 0, 0, 0, 0, 0, '', 0, 0, ''),
(50, '0000-00-00', 0, '- Forma de pago -', 0, 0, 0, 0, 0, '', 0, 0, ''),
(51, '0000-00-00', 0, '- Forma de pago -', 0, 0, 0, 0, 0, '', 0, 0, ''),
(52, '0000-00-00', 0, '- Forma de pago -', 0, 0, 0, 0, 0, '', 0, 0, ''),
(53, '0000-00-00', 0, '- Forma de pago -', 0, 0, 0, 0, 0, '', 0, 0, ''),
(54, '0000-00-00', 0, '- Forma de pago -', 0, 0, 0, 0, 0, '', 0, 0, ''),
(55, '0000-00-00', 0, '- Forma de pago -', 0, 0, 0, 0, 0, '', 0, 0, ''),
(56, '0000-00-00', 0, '- Forma de pago -', 0, 0, 0, 0, 0, '', 0, 0, ''),
(57, '0000-00-00', 0, '- Forma de pago -', 0, 0, 0, 0, 0, '', 0, 0, ''),
(58, '0000-00-00', 0, '- Forma de pago -', 0, 0, 0, 0, 0, '', 0, 0, ''),
(59, '0000-00-00', 0, '- Forma de pago -', 0, 0, 0, 0, 0, '', 0, 0, ''),
(60, '0000-00-00', 0, '- Forma de pago -', 0, 0, 0, 0, 0, '', 0, 0, ''),
(61, '0000-00-00', 0, '- Forma de pago -', 0, 0, 0, 0, 0, '', 0, 0, ''),
(62, '0000-00-00', 0, '- Forma de pago -', 0, 0, 0, 0, 0, '', 0, 0, ''),
(63, '0000-00-00', 0, '- Forma de pago -', 0, 0, 0, 0, 0, '', 0, 0, ''),
(64, '0000-00-00', 0, '- Forma de pago -', 0, 0, 0, 0, 0, '', 0, 0, ''),
(65, '0000-00-00', 0, '- Forma de pago -', 0, 0, 0, 0, 0, '', 0, 0, ''),
(66, '0000-00-00', 0, '- Forma de pago -', 0, 0, 0, 0, 0, '', 0, 0, ''),
(67, '0000-00-00', 0, '- Forma de pago -', 0, 0, 0, 0, 0, '', 0, 0, ''),
(68, '0000-00-00', 0, '- Forma de pago -', 0, 0, 0, 0, 0, '', 0, 0, ''),
(69, '0000-00-00', 0, '- Forma de pago -', 0, 0, 0, 0, 0, '', 0, 0, ''),
(70, '0000-00-00', 0, '- Forma de pago -', 0, 0, 0, 0, 0, '', 0, 0, ''),
(71, '0000-00-00', 0, '- Forma de pago -', 0, 0, 0, 0, 0, '', 0, 0, ''),
(72, '0000-00-00', 0, '- Forma de pago -', 0, 0, 0, 0, 0, '', 0, 0, ''),
(73, '0000-00-00', 0, '- Forma de pago -', 0, 0, 0, 0, 0, '', 0, 0, ''),
(74, '0000-00-00', 0, '- Forma de pago -', 0, 0, 0, 0, 0, '', 0, 0, ''),
(75, '0000-00-00', 0, '- Forma de pago -', 0, 0, 0, 0, 0, '', 0, 0, ''),
(76, '0000-00-00', 0, '- Forma de pago -', 0, 0, 0, 0, 0, '', 0, 0, ''),
(77, '0000-00-00', 0, 'Cheque', 0, 0, 0, 0, 0, '', 0, 0, '');

-- --------------------------------------------------------

--
-- Estructura de tabla para la tabla `procedimiento`
--

CREATE TABLE IF NOT EXISTS `procedimiento` (
  `id_procedimiento` int(10) unsigned NOT NULL auto_increment,
  `procedimiento_nombre` varchar(60) NOT NULL,
  `procedimiento_status` char(1) default 'A',
  PRIMARY KEY  (`id_procedimiento`)
) ENGINE=InnoDB  DEFAULT CHARSET=latin1 AUTO_INCREMENT=30 ;

--
-- Volcado de datos para la tabla `procedimiento`
--

INSERT INTO `procedimiento` (`id_procedimiento`, `procedimiento_nombre`, `procedimiento_status`) VALUES
(13, 'Faco OD', 'A'),
(14, 'Faco OI', 'A'),
(15, 'Faco AO', 'A'),
(16, 'Pterigion', 'A'),
(17, 'Ectropion', 'A'),
(18, 'Blefaro', 'A'),
(19, 'Biopsia', 'A'),
(20, 'Co2', 'A'),
(21, 'Vitrecto', 'A'),
(22, 'Estrabismo', 'A'),
(23, 'Tumor', 'A'),
(24, 'Correcion Cicatriz', 'A'),
(29, 'Faco', 'A');

-- --------------------------------------------------------

--
-- Estructura de tabla para la tabla `punto_venta`
--

CREATE TABLE IF NOT EXISTS `punto_venta` (
  `id_punto_venta` int(10) unsigned NOT NULL auto_increment,
  `punto_venta_fecha` date NOT NULL,
  `punto_venta_unico_pago` tinyint(4) NOT NULL default '1',
  `punto_venta_status` char(1) NOT NULL default 'A',
  PRIMARY KEY  (`id_punto_venta`)
) ENGINE=InnoDB DEFAULT CHARSET=latin1 AUTO_INCREMENT=1 ;

-- --------------------------------------------------------

--
-- Estructura de tabla para la tabla `recibo`
--

CREATE TABLE IF NOT EXISTS `recibo` (
  `id_recibo` int(11) NOT NULL auto_increment,
  `recibo_numero` int(11) NOT NULL,
  `recibo_entregado_trejo` date NOT NULL,
  `recibo_entregado_reyes` date NOT NULL,
  `recibo_verificado_estado_cuenta` tinyint(4) default NULL,
  `recibo_status` char(1) default 'A',
  `recibo_anotacion` varchar(512) default NULL,
  PRIMARY KEY  (`id_recibo`),
  KEY `fk_recibo_anotacion_recibo1` USING BTREE (`recibo_anotacion`)
) ENGINE=InnoDB  DEFAULT CHARSET=latin1 AUTO_INCREMENT=78 ;

--
-- Volcado de datos para la tabla `recibo`
--

INSERT INTO `recibo` (`id_recibo`, `recibo_numero`, `recibo_entregado_trejo`, `recibo_entregado_reyes`, `recibo_verificado_estado_cuenta`, `recibo_status`, `recibo_anotacion`) VALUES
(44, 0, '0000-00-00', '0000-00-00', 0, 'A', ''),
(45, 0, '0000-00-00', '0000-00-00', 0, 'A', ''),
(46, 0, '0000-00-00', '0000-00-00', 0, 'A', ''),
(47, 0, '0000-00-00', '0000-00-00', 0, 'A', ''),
(48, 0, '0000-00-00', '0000-00-00', 0, 'A', ''),
(49, 0, '0000-00-00', '0000-00-00', 0, 'A', ''),
(50, 0, '0000-00-00', '0000-00-00', 0, 'A', ''),
(51, 0, '0000-00-00', '0000-00-00', 0, 'A', ''),
(52, 0, '0000-00-00', '0000-00-00', 0, 'A', ''),
(53, 0, '0000-00-00', '0000-00-00', 0, 'A', ''),
(54, 0, '0000-00-00', '0000-00-00', 0, 'A', ''),
(55, 0, '0000-00-00', '0000-00-00', 0, 'A', ''),
(56, 0, '0000-00-00', '0000-00-00', 0, 'A', ''),
(57, 0, '0000-00-00', '0000-00-00', 0, 'A', ''),
(58, 0, '0000-00-00', '0000-00-00', 0, 'A', ''),
(59, 0, '0000-00-00', '0000-00-00', 0, 'A', ''),
(60, 0, '0000-00-00', '0000-00-00', 0, 'A', ''),
(61, 0, '0000-00-00', '0000-00-00', 0, 'A', ''),
(62, 0, '0000-00-00', '0000-00-00', 0, 'A', ''),
(63, 0, '0000-00-00', '0000-00-00', 0, 'A', ''),
(64, 0, '0000-00-00', '0000-00-00', 0, 'A', ''),
(65, 0, '0000-00-00', '0000-00-00', 0, 'A', ''),
(66, 0, '0000-00-00', '0000-00-00', 0, 'A', ''),
(67, 0, '0000-00-00', '0000-00-00', 0, 'A', ''),
(68, 0, '0000-00-00', '0000-00-00', 0, 'A', ''),
(69, 0, '0000-00-00', '0000-00-00', 0, 'A', ''),
(70, 0, '0000-00-00', '0000-00-00', 0, 'A', ''),
(71, 0, '0000-00-00', '0000-00-00', 0, 'A', ''),
(72, 0, '0000-00-00', '0000-00-00', 0, 'A', ''),
(73, 0, '0000-00-00', '0000-00-00', 0, 'A', ''),
(74, 0, '0000-00-00', '0000-00-00', 0, 'A', ''),
(75, 0, '0000-00-00', '0000-00-00', 0, 'A', ''),
(76, 0, '0000-00-00', '0000-00-00', 0, 'A', ''),
(77, 0, '0000-00-00', '0000-00-00', 0, 'A', '');

-- --------------------------------------------------------

--
-- Estructura de tabla para la tabla `tipo_pago`
--

CREATE TABLE IF NOT EXISTS `tipo_pago` (
  `id_tipo_pago` int(10) unsigned NOT NULL auto_increment,
  `tipo_pago` varchar(125) NOT NULL,
  `tipo_pago_status` varchar(2) NOT NULL default 'A',
  PRIMARY KEY  (`id_tipo_pago`)
) ENGINE=InnoDB  DEFAULT CHARSET=latin1 COMMENT='Tipos de pago aceptados' AUTO_INCREMENT=6 ;

--
-- Volcado de datos para la tabla `tipo_pago`
--

INSERT INTO `tipo_pago` (`id_tipo_pago`, `tipo_pago`, `tipo_pago_status`) VALUES
(1, 'Efectivo', 'A'),
(2, 'Cheque', 'A'),
(3, 'Transferencia', 'A'),
(4, 'Terminal punto de venta', 'A'),
(5, 'Aseguradora', 'A');

-- --------------------------------------------------------

--
-- Estructura de tabla para la tabla `trasferencia`
--

CREATE TABLE IF NOT EXISTS `trasferencia` (
  `id_trasferencia` int(11) NOT NULL,
  `transferencia_fecha` date NOT NULL,
  `transferencia_monto` decimal(9,2) NOT NULL,
  `transferencia_banco` varchar(45) NOT NULL,
  `transferencia_status` char(1) NOT NULL default 'A',
  PRIMARY KEY  (`id_trasferencia`)
) ENGINE=InnoDB DEFAULT CHARSET=latin1;

--
-- Restricciones para tablas volcadas
--

--
-- Filtros para la tabla `cirujia`
--
ALTER TABLE `cirujia`
  ADD CONSTRAINT `fk_cirujia_anestesiologo` FOREIGN KEY (`anestesiologo_id_anestesiologo`) REFERENCES `anestesiologo` (`id_anestesiologo`) ON DELETE NO ACTION ON UPDATE NO ACTION,
  ADD CONSTRAINT `FK_cirujia_anestesiologo_caso` FOREIGN KEY (`anestesiologo_anestesiologo_caso`) REFERENCES `anestesiologo` (`id_anestesiologo`) ON DELETE NO ACTION ON UPDATE NO ACTION,
  ADD CONSTRAINT `fk_cirujia_cirujano1` FOREIGN KEY (`cirujano_id_cirujano`) REFERENCES `cirujano` (`id_cirujano`) ON DELETE NO ACTION ON UPDATE NO ACTION,
  ADD CONSTRAINT `fk_cirujia_hospital1` FOREIGN KEY (`hospital_id_hospital`) REFERENCES `hospital` (`id_hospital`) ON DELETE NO ACTION ON UPDATE NO ACTION,
  ADD CONSTRAINT `fk_cirujia_pago1` FOREIGN KEY (`pago_id_pago`) REFERENCES `pago` (`id_pago`) ON DELETE NO ACTION ON UPDATE NO ACTION,
  ADD CONSTRAINT `fk_cirujia_procedimiento` FOREIGN KEY (`procedimiento_id_procedimiento`) REFERENCES `procedimiento` (`id_procedimiento`),
  ADD CONSTRAINT `fk_cirujia_recibo1` FOREIGN KEY (`recibo_id_recibo`) REFERENCES `recibo` (`id_recibo`) ON DELETE NO ACTION ON UPDATE NO ACTION;

--
-- Filtros para la tabla `comentario`
--
ALTER TABLE `comentario`
  ADD CONSTRAINT `fk_comentario_id_anestesiologo` FOREIGN KEY (`comentario_remitente_id_anestesiologo`) REFERENCES `anestesiologo` (`id_anestesiologo`) ON DELETE NO ACTION ON UPDATE NO ACTION;

--
-- Filtros para la tabla `evento`
--
ALTER TABLE `evento`
  ADD CONSTRAINT `FK_id_cirujia` FOREIGN KEY (`cirujia_id_cirujia`) REFERENCES `cirujia` (`id_cirujia`);

